8 + n. Let s be (-2)/3*(-399)/i. Let w(t) = -t**2 + 8*t - 3. Calculate w(s).
4
Suppose 21 = 2*o + 5*m, -48*o - 2*m + 34 = -44*o. Let d(t) = t**3 - 9*t**2 + 10*t - 12. Calculate d(o).
4
Let g(x) = -3*x + 3. Let k be g(-3). Suppose -3 = 3*o - k. Let f(r) be the first derivative of -r**3/3 + 5*r**2/2 + 4*r + 8516. Give f(o).
10
Let r(c) = -6*c - 4. Let a(i) = 4*i**3 + 8*i**2 + 16*i + 28. Let y be a(-2). Calculate r(y).
20
Let i(j) be the second derivative of j**5/15 - j**4/12 - j**3 + 52*j**2 + 3*j + 23. Let d(r) be the first derivative of i(r). What is d(3)?
24
Let j(z) = -z**3 + 7*z**2 - 4*z + 19. Suppose -3*t - 5*u - 13 + 43 = 0, -4*u + 32 = 4*t. What is j(t)?
49
Let z be (2*2)/(1 + -2). Let n(t) = -t**3 - 8*t**2 - 9*t - 1. Let a(y) = 0 - y**2 - y**3 - 6*y**2 + 4*y + 0 - 12*y. Let j(i) = -4*a(i) + 3*n(i). Calculate j(z).
-23
Let u = -17 - -12. Let z(b) = 38*b - 70*b + 78 - 18 - 27 + 39*b - 32. Give z(u).
-34
Let u(z) = 8*z**2 + z. Let w be (7/(-2))/(3 - 70/20). Suppose 0 = 3*t - 3*n + 2*n + 22, -2*t + 4*n - 28 = 0. Let q = t + w. Give u(q).
9
Let l(p) = p**3 - 20*p**2 + 19*p - 8. Suppose 0 = -7*g + 10*g + 3*s - 588, -5*g + 2*s = -959. Suppose -5*m - g = -288. What is l(m)?
-8
Suppose -77 + 573 = 16*g. Suppose 5*d - 2*d = 15, -5*d = 2*n - g. Let p(z) = z + 1. Give p(n).
4
Suppose 2*q + 2*y + 8 = 3*y, 0 = -y - 2. Let b(w) = -24*w - 126. What is b(q)?
-6
Let g(h) be the second derivative of -h**5/60 - h**4/12 - h**3/3 + 27*h**2/2 + 5*h - 1. Let u(b) be the first derivative of g(b). Calculate u(-3).
-5
Let b(r) = 4*r - 120. Let w be (-24)/372 - 45050/(-1550). Determine b(w).
-4
Let l(q) be the second derivative of q**5/20 + q**4/4 - 3*q**3/2 + 9*q**2 + 443*q - 7. Calculate l(-7).
-115
Let k(l) = -4*l**2 - 2. Let x(q) = q**2 + 2*q - 1. Suppose 7 = -3*u - 2*t, 5*t + 4 + 4 = 2*u. Let o(b) = u*k(b) - 5*x(b). Calculate o(-6).
31
Let g(k) be the third derivative of k**5/60 + k**4/12 + k**3/6 + 20927*k**2 + 4. Let s be 3 - ((-1)/1 - -1). Give g(s).
16
Let w = 32064 - 32076. Let f(x) = -x**3 - 10*x**2 + 24*x - 14. What is f(w)?
-14
Let i(p) = -2*p**2 - p + 1. Let w be ((-110)/1925 - (-62)/(-140))*8. Determine i(w).
-27
Let b(f) be the third derivative of -f**7/840 - f**6/90 + f**5/60 + 44*f**3/3 + f**2 + 11. Let h(n) be the first derivative of b(n). What is h(-4)?
-8
Let z(r) = r**3 - r**2 - r. Let v(w) = -6*w**2 + 4*w - 5. Let h(u) = v(u) + z(u). Let g be 4 - (15/15)/((-1)/3). Give h(g).
16
Let y(z) = 4*z**3 + 4*z**2 + z + 4. Let r(f) = f**2 + 1. Suppose 4*s - 11 = 13. Suppose -17 = s*g - 47. Let h(l) = g*r(l) - y(l). What is h(1)?
-3
Let i(f) = -15 - f - 27 + 43. Let t be (0 + -10)/(-4 - -2). Let h(z) = z**2 - 6*z + 2. Let q be h(t). Calculate i(q).
4
Let b(t) = 16 - 63*t + 38*t + t**3 + 8*t - 23*t**2 + 38*t. Determine b(22).
-6
Let o be (-38)/19 + (-7 + 4 - -36). Let b(p) = -p**2 + 51*p - 18*p - o*p - p**2 + 2. Let u be (0/(-2) - -4)*1. What is b(u)?
-22
Suppose -16*k - 18 = -18*k. Suppose 65 + 7 = k*g. Let m(w) = w + 3. Calculate m(g).
11
Suppose 4*a = 3*q - 14, 4 = a - 0*a + 3*q. Let g(m) = -198*m**2 - m - m**3 + 4*m + 127*m**2 + 0*m - 4*m - 1 + 72*m**2. Give g(a).
13
Let u(v) = -2*v**3 - 2*v**2 + v. Let i be u(-2). Let t(d) be the first derivative of -2*d - 1/2*d**2 + 107. What is t(i)?
-8
Let g(n) = 4*n**3 + 105*n**2 + 7*n + 14. Let a(o) = o**3 + 31*o**2 + 2*o + 5. Let d(t) = -7*a(t) + 2*g(t). Suppose 4*x - 9 = 19. What is d(x)?
-7
Suppose -5*n = -g + 1140, 0 = 4*n - 3*g - 103 + 1026. Let a = n - -228. Let p(c) = 5*c**2 - 2*c + 1. Calculate p(a).
4
Suppose -91 = -114*x + 127*x. Let z(q) = -16*q + 57. Determine z(x).
169
Let g = 11 + -8. Let n(b) = -2 + b + 37236*b**2 - 37237*b**2 + 3*b. What is n(g)?
1
Let z = -43 + 40. Let k(p) = 3*p**2 + 3*p - 7. Let v be k(z). Let r(w) = w**2 - v*w - 1 + 17*w - 8*w. Calculate r(2).
-1
Suppose -12 = -s - 111. Let x = 104 + s. Let r(p) = 0*p**2 - 3*p**2 + 2*p**2 + 3 + 2*p. What is r(x)?
-12
Let u(o) be the third derivative of o**7/2520 + 7*o**6/720 + o**5/24 - 43*o**4/8 + 92*o**2. Let c(l) be the second derivative of u(l). What is c(-8)?
13
Let v(l) = -138 - 133 + 13*l + 192*l**2 + 235 - 193*l**2. Calculate v(9).
0
Let m be 4/24 - (-10)/12. Let r(c) = -3*c + m + 8 - 7. What is r(4)?
-10
Let d(x) = -x**2 + 2*x - 1. Let c(n) = 3*n**2 - 6*n + 2. Let p(m) = 4*c(m) + 11*d(m). Suppose -2 + 4 = -4*v - w, -3*v + 5*w = 36. Determine p(v).
5
Let j(v) = -5 + 1 + 3*v + v - 1. Let c be j(3). Let a be c + (-4)/8*-2. Let k(d) = -d**2 + 7*d - 2. Determine k(a).
-10
Let b(w) = -7*w - 373. Let p(r) = 238*r + 13276. Let m be p(-56). What is b(m)?
-9
Let l(t) be the third derivative of -t**5/15 - 17*t**4/24 - t**3/3 + 3220*t**2. Calculate l(-3).
13
Let f(c) be the second derivative of -c**5/60 + 5*c**4/24 - 122*c**2 + 5*c - 3. Let p(v) be the first derivative of f(v). Calculate p(5).
0
Suppose -17*w = -9*w. Let u = -5 - -16. Let b(j) = -j - 10*j**3 - j**2 - j**2 + w + 1 + u*j**3. Determine b(2).
-1
Let k(x) = -6*x**2 - 2*x + 1. Suppose 2*b - 11 = -5. Suppose -1 = 68*n + 3*n - 1. Suppose 0 = 4*s + b*f - 5*f + 4, n = 4*s - f. Determine k(s).
-7
Let a(y) = 7*y - 19. Let c = -1569 + 1574. Calculate a(c).
16
Let l(u) = -17 + 8 + 2*u + 7 + 4*u**2 - 2*u**2 - 3. Determine l(-2).
-1
Suppose 5*l - 17 + 12 = 0. Let i(d) = -3*d - l - 10*d + 24*d - 10*d. Give i(-1).
-2
Let j(k) = 5*k**3 + 2*k**2 - 2*k - 2. Let i(t) = 4*t**3 + 2*t**2 - 2*t - 1. Let q be (-10)/(-4)*(-12)/(-10). Let v(z) = q*j(z) - 4*i(z). What is v(-3)?
1
Let l(f) be the first derivative of -3*f**2/2 - 56*f - 15. Let w be l(-21). Let j(o) = o - 14. Determine j(w).
-7
Let j(v) be the first derivative of -12*v**2 + 28*v - 3649. Determine j(2).
-20
Suppose -7*x = -23 + 2. Let t(l) = 0*l - x*l + 4*l + 0*l + 6*l**2. What is t(1)?
7
Let p(k) = -k**3 - 6*k**2 + k - 10. Let r(l) = -l**3 - l**2 + 127*l + 49. Let x be r(11). Give p(x).
-16
Let q(c) be the third derivative of c**5/3 + c**4/8 - c**3/3 - 1167*c**2. Calculate q(2).
84
Let w(u) = 0*u**3 + 2*u + 5*u**2 + u**2 - u**2 - u**3 - u**2. Suppose -82 = -17*j - 14. Give w(j).
8
Suppose 0 = 4*u - n - 167 - 912, 0 = 2*u - 3*n - 527. Let r(p) = -277*p - 2*p**2 + 5 + u*p - 1. Give r(-4).
-4
Let l(c) = 10*c**3 + 2*c**2 + 2*c + 1. Let f be l(-1). Let j be -9 - (7 - (413 - 8)). Let d(m) = j*m**3 + 392*m**3 - 782*m**3 + 3 - 9*m**2. What is d(f)?
3
Let f(u) be the third derivative of -u**5/60 + 11*u**4/24 - 5*u**3/3 + 1556*u**2. What is f(12)?
-22
Let j(n) be the first derivative of 5*n - 1/3*n**3 + 3/2*n**2 + 5. What is j(5)?
-5
Let j(t) = -t**3 - t**2 - t - 7. Let z be j(0). Let f(v) be the first derivative of 1/2*v**2 + v + 313. Give f(z).
-6
Let s be -2 - 0 - (-24 - -1). Let b = s - 13. Let o(j) be the first derivative of -j**2/2 + 2*j - 62056. Give o(b).
-6
Let i(q) = q**3 - 22*q**2 + 13*q - 19. Let d(k) = 2*k**3 - 41*k**2 + 23*k - 35. Let x(c) = 4*d(c) - 7*i(c). Calculate x(10).
3
Let t(j) = 363 + 5*j + 19*j + 20*j - 29*j. What is t(-25)?
-12
Let b(w) be the second derivative of 1/6*w**3 - 7*w + 0 - 1/2*w**2. Suppose 4 = -r + 2, -h + 5*r + 10 = 0. What is b(h)?
-1
Let n = -1 + 3. Let d(r) = -10 + 3 + 5*r**3 + 8*r + 5*r**n + 8*r**3 - 14*r**3. Suppose 54*q - 55*q = -6. Calculate d(q).
5
Let f(n) = -5*n - 1. Let z(o) = 3 - 2*o - 2*o - 5. Let b(h) = -h**2 - 2*h + 96. Let y be b(9). Let i(k) = y*f(k) + 4*z(k). Calculate i(-3).
-2
Let z(r) be the third derivative of 13*r**4/12 + 2*r**3/3 - 71*r**2 + 8. Give z(2).
56
Let n(g) = -g**3 + g**2. Let f(h) = -4*h**3 - 18*h**2 + 24*h + 21. Let v(c) = f(c) - 3*n(c). What is v(-22)?
-23
Let l(b) = -8*b + 50. Suppose -11*c - 70 = -4*c. Let u be ((-8)/6)/(0 + c/45). Let n be l(u). Let z(q) = q**3 - 3*q**2 + 4*q - 3. Determine z(n).
1
Let d(t) = t**2 - 118*t - 1. Let v(p) = -6*p**2 + 603*p - 29. Let o(f) = 5*d(f) + v(f). Calculate o(12).
-22
Let y(d) be the third derivative of 5/24*d**4 - 1/60*d**5 + 0*d - 162*d**2 + 0 - d**3. Give y(5).
-6
Let g(s) = s**2 - s - 32. Let b(u) = -4*u**2 + 81*u + 7. Let i be b(0). What is g(i)?
10
Let w(b) be the third derivative of -b**4/24 - 5*b**3/6 + 2993*b**2. Let n(t) = -41*t - 14. Let s be n(6). Let o be s/36 - 4/(-18). Give w(o).
2
Let q(w) = -w + 5. Let o be q(5). Suppose h + 0*h = o. Let c(g) = g - 8 - 11 + 25. What is c(h)?
6
Let j(k) be the first derivative of -2*